{"id":224,"date":"2015-08-22T15:33:24","date_gmt":"2015-08-22T13:33:24","guid":{"rendered":"https:\/\/staging.pumptrack.de\/?page_id=224"},"modified":"2023-07-28T14:46:55","modified_gmt":"2023-07-28T12:46:55","slug":"vermietung","status":"publish","type":"page","link":"https:\/\/staging.pumptrack.de\/index.php\/vermietung\/","title":{"rendered":"Vermietung"},"content":{"rendered":"<h1 style=\"text-align: left;\">Pumptrack Modular mieten<\/h1>\n<p style=\"text-align: left;\"><a href=\"https:\/\/staging.pumptrack.de\/wp-content\/uploads\/2015\/08\/Diashow_Home04b.jpg\" data-rel=\"lightbox-gallery-is5XfR1F\" data-rl_title=\"\" data-rl_caption=\"\" title=\"\"><img loading=\"lazy\" decoding=\"async\" class=\"alignnone size-full wp-image-277\" src=\"https:\/\/staging.pumptrack.de\/wp-content\/uploads\/2015\/08\/Diashow_Home04b.jpg\" alt=\"Diashow_Home04b\" width=\"1140\" height=\"540\" srcset=\"https:\/\/staging.pumptrack.de\/wp-content\/uploads\/2015\/08\/Diashow_Home04b.jpg 1140w, https:\/\/staging.pumptrack.de\/wp-content\/uploads\/2015\/08\/Diashow_Home04b-244x116.jpg 244w, https:\/\/staging.pumptrack.de\/wp-content\/uploads\/2015\/08\/Diashow_Home04b-371x176.jpg 371w\" sizes=\"(max-width: 1140px) 100vw, 1140px\" \/><\/a><\/p>\n<p style=\"text-align: left;\"><strong>Preis\u00fcbersicht<\/strong><\/p>\n<ul style=\"text-align: left;\">\n<li>Preise auf Anfrage<\/li>\n<\/ul>\n<p><iframe loading=\"lazy\" width=\"500\" height=\"281\" src=\"https:\/\/www.youtube.com\/embed\/_nekGuomYrs?feature=oembed\" frameborder=\"0\" allow=\"autoplay; encrypted-media\" allowfullscreen><\/iframe><\/p>\n<p>Pumptrack Event in Innsbruck<\/p>\n<p><iframe loading=\"lazy\" width=\"500\" height=\"281\" src=\"https:\/\/www.youtube.com\/embed\/e213EnUAgNE?feature=oembed\" frameborder=\"0\" allow=\"autoplay; encrypted-media\" allowfullscreen><\/iframe><\/p>\n<p>Pumptracks passen perfekt auf den Schulhof, f\u00fcr Schulen und soziale Einrichtungen gew\u00e4hren wir Sonderpreise!<\/p>\n<h1 style=\"text-align: left;\">Layouts<\/h1>\n<div class=\"graue-box\" style=\"text-align: left;\">\n<p><strong>Tempodrom<\/strong><br \/>\n<img loading=\"lazy\" decoding=\"async\" class=\"alignnone size-full wp-image-236\" src=\"https:\/\/staging.pumptrack.de\/wp-content\/uploads\/2015\/08\/Layout-Speedring.png\" alt=\"Layout Speedring\" width=\"604\" height=\"149\" srcset=\"https:\/\/staging.pumptrack.de\/wp-content\/uploads\/2015\/08\/Layout-Speedring.png 604w, https:\/\/staging.pumptrack.de\/wp-content\/uploads\/2015\/08\/Layout-Speedring-244x60.png 244w, https:\/\/staging.pumptrack.de\/wp-content\/uploads\/2015\/08\/Layout-Speedring-371x92.png 371w, https:\/\/staging.pumptrack.de\/wp-content\/uploads\/2015\/08\/Layout-Speedring-600x149.png 600w\" sizes=\"(max-width: 604px) 100vw, 604px\" \/><br \/>\nStreckenl\u00e4nge: 37,5 m<br \/>\nGewicht: 1.640 kg<\/p>\n<\/div>\n<p style=\"text-align: left;\"><strong>Thales<\/strong><br \/>\n<img loading=\"lazy\" decoding=\"async\" class=\"alignnone size-full wp-image-245\" src=\"https:\/\/staging.pumptrack.de\/wp-content\/uploads\/2015\/08\/Layout-Tristar.png\" alt=\"Layout Tristar\" width=\"604\" height=\"201\" srcset=\"https:\/\/staging.pumptrack.de\/wp-content\/uploads\/2015\/08\/Layout-Tristar.png 604w, https:\/\/staging.pumptrack.de\/wp-content\/uploads\/2015\/08\/Layout-Tristar-244x81.png 244w, https:\/\/staging.pumptrack.de\/wp-content\/uploads\/2015\/08\/Layout-Tristar-371x123.png 371w, https:\/\/staging.pumptrack.de\/wp-content\/uploads\/2015\/08\/Layout-Tristar-300x100.png 300w\" sizes=\"(max-width: 604px) 100vw, 604px\" \/><br \/>\nStreckenl\u00e4nge: 46,7 m<br \/>\nGewicht: 1.976 kg<\/p>\n<div class=\"graue-box\" style=\"text-align: left;\">\n<p><strong>Schleife 1<\/strong><br \/>\n<img loading=\"lazy\" decoding=\"async\" class=\"alignnone size-full wp-image-246\" src=\"https:\/\/staging.pumptrack.de\/wp-content\/uploads\/2015\/08\/Layout-World-Cup.png\" alt=\"Layout World Cup\" width=\"630\" height=\"199\" srcset=\"https:\/\/staging.pumptrack.de\/wp-content\/uploads\/2015\/08\/Layout-World-Cup.png 630w, https:\/\/staging.pumptrack.de\/wp-content\/uploads\/2015\/08\/Layout-World-Cup-244x77.png 244w, https:\/\/staging.pumptrack.de\/wp-content\/uploads\/2015\/08\/Layout-World-Cup-371x117.png 371w\" sizes=\"(max-width: 630px) 100vw, 630px\" \/><br \/>\nStreckenl\u00e4nge: 65,2 m<br \/>\nGewicht: 2.763 kg<\/p>\n<\/div>\n<p style=\"text-align: left;\"><em>Weitere Layouts auf Anfrage<\/em><\/p>\n<h1 style=\"text-align: left;\">Allgemeine Informationen<\/h1>\n<p style=\"text-align: left;\">Generell stellen bei Vermietungen Logistik, Auf und Abbau die gr\u00f6\u00dften Kostenfaktoren dar, aus diesem Grund sind Langzeitmieten deutlich preiswerter. Der Pumptrack wird im \u201eWorld-Cup\u201c Layout angeliefert.<\/p>\n<p style=\"text-align: left;\"><strong>Lieferung und Aufbau<\/strong><br \/>\nDie Anlage sowie das Leihmaterial werden in einer Wechselbr\u00fccke (Container 8 x 4 x 2,5m) ( L x H x B ) angeliefert. Dieser Container dient gleichzeitig als Lager f\u00fcr das Equiment bei Langzeitvermietungen.<br \/>\nAufbau ca. 3-4 Stunden, Abbau ca. 1-1,5 Stunden. Preise Ohne Betreuung, nur mit Auf und Abbau. Mieter stellt 3 Aufbau Helfer, sowie ggf. Betreuer. Events mit Betreuung und Komplett Service auf Anfrage.<\/p>\n<p style=\"text-align: left;\">Kleinere sowie gr\u00f6\u00dfere Layouts sind auf Nachfrage m\u00f6glich.<\/p>\n<p style=\"text-align: left;\">Auf Wunsch kostenfrei mit der Anlage verliehen wird folgendes Material. Hiermit haben Sie f\u00fcr alle Bed\u00fcrfnisse das richtige Material.<\/p>\n<ul style=\"text-align: left;\">\n<li>2 Dirt Bikes 26 Zoll (Scott Vortage YZ) (ab ca. 12 Jahre)<\/li>\n<li>2 BMX 20 Zoll (Sunday AM Plus Galaxy) (ab 10 Jahre)<\/li>\n<li>2 BMX 18 Zoll (Sunday Primer) (ab 7 Jahre)<\/li>\n<li>5 Stunt-Scooter MICRO (ab 5 Jahre)<\/li>\n<li>3 Laufr\u00e4der PUKY (ab 3 Jahre)<\/li>\n<li>25 Helme TSG in verschiedenen Gr\u00f6\u00dfen (ab 3 Jahre)<\/li>\n<li>1 Pavillon (3x 3 Meter)<\/li>\n<li>1 Radst\u00e4nder (Feedback Sports f\u00fcr 7 Bikes)<\/li>\n<li>Werkzeug<\/li>\n<\/ul>\n<p style=\"text-align: left;\">Zeitmessung auf Anfrage, Beschallung sowie Events auf Nachfrage.<\/p>\n<h1 style=\"text-align: left;\">Jetzt Kontakt aufnehmen<\/h1>\n<p style=\"text-align: left;\">Anfrage per E-Mail: <a href=\"mailto:info@konradwillar.de\">info@konradwillar.de<\/a><br \/>\nOder telefonisch unter 0821 26859554 (Mo\u2013Fr: 9\u201318 Uhr)<\/p>\n<p style=\"text-align: left;\"><em>Folgende Infos werden ben\u00f6tigt : Zeitrahmen, Ort der Vermietung, Kontakt mit Telefonnummer<\/em><\/p>\n<h1 style=\"text-align: left;\">\u00a0<img loading=\"lazy\" decoding=\"async\" class=\"alignnone size-full wp-image-497\" src=\"https:\/\/staging.pumptrack.de\/wp-content\/uploads\/2015\/08\/8.jpg\" alt=\"8\" width=\"1140\" height=\"760\" srcset=\"https:\/\/staging.pumptrack.de\/wp-content\/uploads\/2015\/08\/8.jpg 1140w, https:\/\/staging.pumptrack.de\/wp-content\/uploads\/2015\/08\/8-244x163.jpg 244w, https:\/\/staging.pumptrack.de\/wp-content\/uploads\/2015\/08\/8-768x512.jpg 768w, https:\/\/staging.pumptrack.de\/wp-content\/uploads\/2015\/08\/8-371x247.jpg 371w\" sizes=\"(max-width: 1140px) 100vw, 1140px\" \/><\/h1>\n<h1 style=\"text-align: left;\"><img loading=\"lazy\" decoding=\"async\" class=\"alignleft wp-image-861\" src=\"https:\/\/staging.pumptrack.de\/wp-content\/uploads\/2023\/07\/oberstaufen_logo_08_web.jpg\" alt=\"oberstaufen_logo_08_web\" width=\"1138\" height=\"759\" srcset=\"https:\/\/staging.pumptrack.de\/wp-content\/uploads\/2023\/07\/oberstaufen_logo_08_web.jpg 2000w, https:\/\/staging.pumptrack.de\/wp-content\/uploads\/2023\/07\/oberstaufen_logo_08_web-244x163.jpg 244w, https:\/\/staging.pumptrack.de\/wp-content\/uploads\/2023\/07\/oberstaufen_logo_08_web-768x512.jpg 768w, https:\/\/staging.pumptrack.de\/wp-content\/uploads\/2023\/07\/oberstaufen_logo_08_web-371x247.jpg 371w\" sizes=\"(max-width: 1138px) 100vw, 1138px\" \/> <img loading=\"lazy\" decoding=\"async\" class=\"alignleft wp-image-853\" src=\"https:\/\/staging.pumptrack.de\/wp-content\/uploads\/2023\/07\/oberstaufen_logo_02_web.jpg\" alt=\"oberstaufen_logo_02_web\" width=\"1138\" height=\"759\" srcset=\"https:\/\/staging.pumptrack.de\/wp-content\/uploads\/2023\/07\/oberstaufen_logo_02_web.jpg 2000w, https:\/\/staging.pumptrack.de\/wp-content\/uploads\/2023\/07\/oberstaufen_logo_02_web-244x163.jpg 244w, https:\/\/staging.pumptrack.de\/wp-content\/uploads\/2023\/07\/oberstaufen_logo_02_web-768x512.jpg 768w, https:\/\/staging.pumptrack.de\/wp-content\/uploads\/2023\/07\/oberstaufen_logo_02_web-371x247.jpg 371w\" sizes=\"(max-width: 1138px) 100vw, 1138px\" \/><img loading=\"lazy\" decoding=\"async\" class=\"alignleft wp-image-863\" src=\"https:\/\/staging.pumptrack.de\/wp-content\/uploads\/2023\/07\/oberstaufen_logo_10_web.jpg\" alt=\"oberstaufen_logo_10_web\" width=\"1138\" height=\"759\" srcset=\"https:\/\/staging.pumptrack.de\/wp-content\/uploads\/2023\/07\/oberstaufen_logo_10_web.jpg 2000w, https:\/\/staging.pumptrack.de\/wp-content\/uploads\/2023\/07\/oberstaufen_logo_10_web-244x163.jpg 244w, https:\/\/staging.pumptrack.de\/wp-content\/uploads\/2023\/07\/oberstaufen_logo_10_web-768x512.jpg 768w, https:\/\/staging.pumptrack.de\/wp-content\/uploads\/2023\/07\/oberstaufen_logo_10_web-371x247.jpg 371w\" sizes=\"(max-width: 1138px) 100vw, 1138px\" \/><img loading=\"lazy\" decoding=\"async\" class=\"alignleft wp-image-852\" src=\"https:\/\/staging.pumptrack.de\/wp-content\/uploads\/2023\/07\/oberstaufen_logo_01_web.jpg\" alt=\"oberstaufen_logo_01_web\" width=\"1138\" height=\"759\" srcset=\"https:\/\/staging.pumptrack.de\/wp-content\/uploads\/2023\/07\/oberstaufen_logo_01_web.jpg 2000w, https:\/\/staging.pumptrack.de\/wp-content\/uploads\/2023\/07\/oberstaufen_logo_01_web-244x163.jpg 244w, https:\/\/staging.pumptrack.de\/wp-content\/uploads\/2023\/07\/oberstaufen_logo_01_web-768x512.jpg 768w, https:\/\/staging.pumptrack.de\/wp-content\/uploads\/2023\/07\/oberstaufen_logo_01_web-371x247.jpg 371w\" sizes=\"(max-width: 1138px) 100vw, 1138px\" \/><img loading=\"lazy\" decoding=\"async\" class=\"alignnone size-full wp-image-561\" src=\"https:\/\/staging.pumptrack.de\/wp-content\/uploads\/2018\/08\/Web-2.jpg\" alt=\"Web-2\" width=\"1140\" height=\"760\" srcset=\"https:\/\/staging.pumptrack.de\/wp-content\/uploads\/2018\/08\/Web-2.jpg 1140w, https:\/\/staging.pumptrack.de\/wp-content\/uploads\/2018\/08\/Web-2-244x163.jpg 244w, https:\/\/staging.pumptrack.de\/wp-content\/uploads\/2018\/08\/Web-2-768x512.jpg 768w, https:\/\/staging.pumptrack.de\/wp-content\/uploads\/2018\/08\/Web-2-371x247.jpg 371w\" sizes=\"(max-width: 1140px) 100vw, 1140px\" \/><img loading=\"lazy\" decoding=\"async\" class=\"alignnone size-full wp-image-544\" src=\"https:\/\/staging.pumptrack.de\/wp-content\/uploads\/2015\/08\/rot-2.jpg\" alt=\"rot-2\" width=\"1140\" height=\"760\" srcset=\"https:\/\/staging.pumptrack.de\/wp-content\/uploads\/2015\/08\/rot-2.jpg 1140w, https:\/\/staging.pumptrack.de\/wp-content\/uploads\/2015\/08\/rot-2-244x163.jpg 244w, https:\/\/staging.pumptrack.de\/wp-content\/uploads\/2015\/08\/rot-2-768x512.jpg 768w, https:\/\/staging.pumptrack.de\/wp-content\/uploads\/2015\/08\/rot-2-371x247.jpg 371w\" sizes=\"(max-width: 1140px) 100vw, 1140px\" \/><a href=\"https:\/\/staging.pumptrack.de\/wp-content\/uploads\/2015\/08\/Mobiler-Pumptrack.jpg\" data-rel=\"lightbox-gallery-is5XfR1F\" data-rl_title=\"\" data-rl_caption=\"\" title=\"\"><img loading=\"lazy\" decoding=\"async\" class=\"alignnone size-full wp-image-293\" src=\"https:\/\/staging.pumptrack.de\/wp-content\/uploads\/2015\/08\/Mobiler-Pumptrack.jpg\" alt=\"Mobiler-Pumptrack\" width=\"1140\" height=\"540\" srcset=\"https:\/\/staging.pumptrack.de\/wp-content\/uploads\/2015\/08\/Mobiler-Pumptrack.jpg 1140w, https:\/\/staging.pumptrack.de\/wp-content\/uploads\/2015\/08\/Mobiler-Pumptrack-244x116.jpg 244w, https:\/\/staging.pumptrack.de\/wp-content\/uploads\/2015\/08\/Mobiler-Pumptrack-371x176.jpg 371w\" sizes=\"(max-width: 1140px) 100vw, 1140px\" \/><\/a><a href=\"https:\/\/staging.pumptrack.de\/wp-content\/uploads\/2015\/08\/Mobiler-Pumptrack3.jpg\" data-rel=\"lightbox-gallery-is5XfR1F\" data-rl_title=\"\" data-rl_caption=\"\" title=\"\"><img loading=\"lazy\" decoding=\"async\" class=\"alignnone size-full wp-image-295\" src=\"https:\/\/staging.pumptrack.de\/wp-content\/uploads\/2015\/08\/Mobiler-Pumptrack3.jpg\" alt=\"Mobiler-Pumptrack3\" width=\"1140\" height=\"540\" srcset=\"https:\/\/staging.pumptrack.de\/wp-content\/uploads\/2015\/08\/Mobiler-Pumptrack3.jpg 1140w, https:\/\/staging.pumptrack.de\/wp-content\/uploads\/2015\/08\/Mobiler-Pumptrack3-244x116.jpg 244w, https:\/\/staging.pumptrack.de\/wp-content\/uploads\/2015\/08\/Mobiler-Pumptrack3-371x176.jpg 371w\" sizes=\"(max-width: 1140px) 100vw, 1140px\" \/><\/a><\/h1>\n<img loading=\"lazy\" decoding=\"async\" class=\"alignnone size-full wp-image-294\" src=\"https:\/\/staging.pumptrack.de\/wp-content\/uploads\/2015\/08\/Mobiler-Pumptrack2.jpg\" alt=\"Mobiler-Pumptrack2\" width=\"1140\" height=\"540\" srcset=\"https:\/\/staging.pumptrack.de\/wp-content\/uploads\/2015\/08\/Mobiler-Pumptrack2.jpg 1140w, https:\/\/staging.pumptrack.de\/wp-content\/uploads\/2015\/08\/Mobiler-Pumptrack2-244x116.jpg 244w, https:\/\/staging.pumptrack.de\/wp-content\/uploads\/2015\/08\/Mobiler-Pumptrack2-371x176.jpg 371w\" sizes=\"(max-width: 1140px) 100vw, 1140px\" \/><img loading=\"lazy\" decoding=\"async\" class=\"alignnone size-full wp-image-486\" src=\"https:\/\/staging.pumptrack.de\/wp-content\/uploads\/2015\/08\/World-Cup-Wildflecken-1.jpg\" alt=\"World-Cup-Wildflecken\" width=\"1140\" height=\"760\" srcset=\"https:\/\/staging.pumptrack.de\/wp-content\/uploads\/2015\/08\/World-Cup-Wildflecken-1.jpg 1140w, https:\/\/staging.pumptrack.de\/wp-content\/uploads\/2015\/08\/World-Cup-Wildflecken-1-244x163.jpg 244w, https:\/\/staging.pumptrack.de\/wp-content\/uploads\/2015\/08\/World-Cup-Wildflecken-1-768x512.jpg 768w, https:\/\/staging.pumptrack.de\/wp-content\/uploads\/2015\/08\/World-Cup-Wildflecken-1-371x247.jpg 371w\" sizes=\"(max-width: 1140px) 100vw, 1140px\" \/>\n<img loading=\"lazy\" decoding=\"async\" class=\"alignnone size-full wp-image-487\" src=\"https:\/\/staging.pumptrack.de\/wp-content\/uploads\/2015\/08\/1.jpg\" alt=\"1\" width=\"1140\" height=\"760\" srcset=\"https:\/\/staging.pumptrack.de\/wp-content\/uploads\/2015\/08\/1.jpg 1140w, https:\/\/staging.pumptrack.de\/wp-content\/uploads\/2015\/08\/1-244x163.jpg 244w, https:\/\/staging.pumptrack.de\/wp-content\/uploads\/2015\/08\/1-768x512.jpg 768w, https:\/\/staging.pumptrack.de\/wp-content\/uploads\/2015\/08\/1-371x247.jpg 371w\" sizes=\"(max-width: 1140px) 100vw, 1140px\" \/>\n<img loading=\"lazy\" decoding=\"async\" class=\"alignnone size-full wp-image-489\" src=\"https:\/\/staging.pumptrack.de\/wp-content\/uploads\/2015\/08\/1-1.jpg\" alt=\"1\" width=\"1140\" height=\"760\" srcset=\"https:\/\/staging.pumptrack.de\/wp-content\/uploads\/2015\/08\/1-1.jpg 1140w, https:\/\/staging.pumptrack.de\/wp-content\/uploads\/2015\/08\/1-1-244x163.jpg 244w, https:\/\/staging.pumptrack.de\/wp-content\/uploads\/2015\/08\/1-1-768x512.jpg 768w, https:\/\/staging.pumptrack.de\/wp-content\/uploads\/2015\/08\/1-1-371x247.jpg 371w\" sizes=\"(max-width: 1140px) 100vw, 1140px\" \/> <img loading=\"lazy\" decoding=\"async\" class=\"alignnone size-full wp-image-490\" src=\"https:\/\/staging.pumptrack.de\/wp-content\/uploads\/2015\/08\/2.jpg\" alt=\"2\" width=\"1140\" height=\"760\" srcset=\"https:\/\/staging.pumptrack.de\/wp-content\/uploads\/2015\/08\/2.jpg 1140w, https:\/\/staging.pumptrack.de\/wp-content\/uploads\/2015\/08\/2-244x163.jpg 244w, https:\/\/staging.pumptrack.de\/wp-content\/uploads\/2015\/08\/2-768x512.jpg 768w, https:\/\/staging.pumptrack.de\/wp-content\/uploads\/2015\/08\/2-371x247.jpg 371w\" sizes=\"(max-width: 1140px) 100vw, 1140px\" \/> <img loading=\"lazy\" decoding=\"async\" class=\"alignnone size-full wp-image-491\" src=\"https:\/\/staging.pumptrack.de\/wp-content\/uploads\/2015\/08\/3.jpg\" alt=\"3\" width=\"1140\" height=\"760\" srcset=\"https:\/\/staging.pumptrack.de\/wp-content\/uploads\/2015\/08\/3.jpg 1140w, https:\/\/staging.pumptrack.de\/wp-content\/uploads\/2015\/08\/3-244x163.jpg 244w, https:\/\/staging.pumptrack.de\/wp-content\/uploads\/2015\/08\/3-768x512.jpg 768w, https:\/\/staging.pumptrack.de\/wp-content\/uploads\/2015\/08\/3-371x247.jpg 371w\" sizes=\"(max-width: 1140px) 100vw, 1140px\" \/> <img loading=\"lazy\" decoding=\"async\" class=\"alignnone size-full wp-image-492\" src=\"https:\/\/staging.pumptrack.de\/wp-content\/uploads\/2015\/08\/4.jpg\" alt=\"4\" width=\"1140\" height=\"760\" srcset=\"https:\/\/staging.pumptrack.de\/wp-content\/uploads\/2015\/08\/4.jpg 1140w, https:\/\/staging.pumptrack.de\/wp-content\/uploads\/2015\/08\/4-244x163.jpg 244w, https:\/\/staging.pumptrack.de\/wp-content\/uploads\/2015\/08\/4-768x512.jpg 768w, https:\/\/staging.pumptrack.de\/wp-content\/uploads\/2015\/08\/4-371x247.jpg 371w\" sizes=\"(max-width: 1140px) 100vw, 1140px\" \/> <img loading=\"lazy\" decoding=\"async\" class=\"alignnone size-full wp-image-493\" src=\"https:\/\/staging.pumptrack.de\/wp-content\/uploads\/2015\/08\/5.jpg\" alt=\"5\" width=\"1140\" height=\"760\" srcset=\"https:\/\/staging.pumptrack.de\/wp-content\/uploads\/2015\/08\/5.jpg 1140w, https:\/\/staging.pumptrack.de\/wp-content\/uploads\/2015\/08\/5-244x163.jpg 244w, https:\/\/staging.pumptrack.de\/wp-content\/uploads\/2015\/08\/5-768x512.jpg 768w, https:\/\/staging.pumptrack.de\/wp-content\/uploads\/2015\/08\/5-371x247.jpg 371w\" sizes=\"(max-width: 1140px) 100vw, 1140px\" \/> <img loading=\"lazy\" decoding=\"async\" class=\"alignnone size-full wp-image-494\" src=\"https:\/\/staging.pumptrack.de\/wp-content\/uploads\/2015\/08\/6.jpg\" alt=\"6\" width=\"1140\" height=\"760\" srcset=\"https:\/\/staging.pumptrack.de\/wp-content\/uploads\/2015\/08\/6.jpg 1140w, https:\/\/staging.pumptrack.de\/wp-content\/uploads\/2015\/08\/6-244x163.jpg 244w, https:\/\/staging.pumptrack.de\/wp-content\/uploads\/2015\/08\/6-768x512.jpg 768w, https:\/\/staging.pumptrack.de\/wp-content\/uploads\/2015\/08\/6-371x247.jpg 371w\" sizes=\"(max-width: 1140px) 100vw, 1140px\" \/>\n<img loading=\"lazy\" decoding=\"async\" class=\"alignnone size-full wp-image-495\" src=\"https:\/\/staging.pumptrack.de\/wp-content\/uploads\/2015\/08\/7.jpg\" alt=\"7\" width=\"1140\" height=\"760\" srcset=\"https:\/\/staging.pumptrack.de\/wp-content\/uploads\/2015\/08\/7.jpg 1140w, https:\/\/staging.pumptrack.de\/wp-content\/uploads\/2015\/08\/7-244x163.jpg 244w, https:\/\/staging.pumptrack.de\/wp-content\/uploads\/2015\/08\/7-768x512.jpg 768w, https:\/\/staging.pumptrack.de\/wp-content\/uploads\/2015\/08\/7-371x247.jpg 371w\" sizes=\"(max-width: 1140px) 100vw, 1140px\" \/><img loading=\"lazy\" decoding=\"async\" class=\"alignnone size-full wp-image-543\" src=\"https:\/\/staging.pumptrack.de\/wp-content\/uploads\/2015\/08\/rot-1.jpg\" alt=\"rot-1\" width=\"1140\" height=\"760\" srcset=\"https:\/\/staging.pumptrack.de\/wp-content\/uploads\/2015\/08\/rot-1.jpg 1140w, https:\/\/staging.pumptrack.de\/wp-content\/uploads\/2015\/08\/rot-1-244x163.jpg 244w, https:\/\/staging.pumptrack.de\/wp-content\/uploads\/2015\/08\/rot-1-768x512.jpg 768w, https:\/\/staging.pumptrack.de\/wp-content\/uploads\/2015\/08\/rot-1-371x247.jpg 371w\" sizes=\"(max-width: 1140px) 100vw, 1140px\" \/><img loading=\"lazy\" decoding=\"async\" class=\"alignnone size-full wp-image-545\" src=\"https:\/\/staging.pumptrack.de\/wp-content\/uploads\/2015\/08\/rot-3.jpg\" alt=\"rot-3\" width=\"1140\" height=\"760\" srcset=\"https:\/\/staging.pumptrack.de\/wp-content\/uploads\/2015\/08\/rot-3.jpg 1140w, https:\/\/staging.pumptrack.de\/wp-content\/uploads\/2015\/08\/rot-3-244x163.jpg 244w, https:\/\/staging.pumptrack.de\/wp-content\/uploads\/2015\/08\/rot-3-768x512.jpg 768w, https:\/\/staging.pumptrack.de\/wp-content\/uploads\/2015\/08\/rot-3-371x247.jpg 371w\" sizes=\"(max-width: 1140px) 100vw, 1140px\" \/>\n","protected":false},"excerpt":{"rendered":"<p>Pumptrack Modular mieten Preis\u00fcbersicht Preise auf Anfrage Pumptrack Event in Innsbruck Pumptracks passen perfekt auf den Schulhof, f\u00fcr Schulen und soziale Einrichtungen gew\u00e4hren wir Sonderpreise! Layouts Tempodrom Streckenl\u00e4nge: 37,5 m Gewicht: 1.640 kg Thales Streckenl\u00e4nge: 46,7 m Gewicht: 1.976 kg Schleife 1 Streckenl\u00e4nge: 65,2 m Gewicht: 2.763 kg Weitere Layouts auf Anfrage Allgemeine Informationen Generell&#8230;  <a class=\"excerpt-read-more\" href=\"https:\/\/staging.pumptrack.de\/index.php\/vermietung\/\" title=\"ReadVermietung\">Read more &raquo;<\/a><\/p>\n","protected":false},"author":1,"featured_media":0,"parent":0,"menu_order":0,"comment_status":"closed","ping_status":"open","template":"","meta":{"footnotes":""},"_links":{"self":[{"href":"https:\/\/staging.pumptrack.de\/index.php\/wp-json\/wp\/v2\/pages\/224"}],"collection":[{"href":"https:\/\/staging.pumptrack.de\/index.php\/wp-json\/wp\/v2\/pages"}],"about":[{"href":"https:\/\/staging.pumptrack.de\/index.php\/wp-json\/wp\/v2\/types\/page"}],"author":[{"embeddable":true,"href":"https:\/\/staging.pumptrack.de\/index.php\/wp-json\/wp\/v2\/users\/1"}],"replies":[{"embeddable":true,"href":"https:\/\/staging.pumptrack.de\/index.php\/wp-json\/wp\/v2\/comments?post=224"}],"version-history":[{"count":42,"href":"https:\/\/staging.pumptrack.de\/index.php\/wp-json\/wp\/v2\/pages\/224\/revisions"}],"predecessor-version":[{"id":866,"href":"https:\/\/staging.pumptrack.de\/index.php\/wp-json\/wp\/v2\/pages\/224\/revisions\/866"}],"wp:attachment":[{"href":"https:\/\/staging.pumptrack.de\/index.php\/wp-json\/wp\/v2\/media?parent=224"}],"curies":[{"name":"wp","href":"https:\/\/api.w.org\/{rel}","templated":true}]}}